 155376139 a composite number?
False
Is 14602967 a prime number?
False
Is 27028709 prime?
False
Is 203369 composite?
True
Is 798871 a prime number?
True
Is 41676923 a prime number?
False
Is 2308161 composite?
True
Is 271451 a prime number?
True
Is 5243443 composite?
False
Is 13169347 a composite number?
True
Is 528433 a prime number?
True
Is 674017 prime?
True
Is 21912262 composite?
True
Is 1155997 composite?
False
Is 37581329 a prime number?
True
Is 49967389 prime?
False
Is 228446987 composite?
False
Is 76231817 a prime number?
True
Is 79900933 a composite number?
True
Is 1052939 a prime number?
True
Is 11675429 composite?
True
Is 142651655 a prime number?
False
Is 15943861 prime?
True
Is 14996899 a composite number?
False
Is 1188353 prime?
True
Is 10205791 a composite number?
False
Is 11639861 a composite number?
True
Is 30995287 a composite number?
True
Is 4973387 composite?
False
Is 23072567 prime?
False
Is 52202239 prime?
True
Is 6188477 a prime number?
True
Is 1690349 a composite number?
False
Is 211784737 prime?
True
Is 47941 prime?
False
Is 436801 prime?
True
Is 4071839 a composite number?
True
Is 4805231 prime?
True
Is 867641 a prime number?
True
Is 6700637 a prime number?
True
Is 1317269 a prime number?
False
Is 270624953 prime?
False
Is 450216527 a composite number?
True
Is 1792447 a composite number?
True
Is 60821633 a composite number?
False
Is 142786991 prime?
True
Is 171976373 a prime number?
True
Is 24330829 prime?
True
Is 550073771 a composite number?
True
Is 6687997 a prime number?
False
Is 145524371 composite?
False
Is 12031931 a composite number?
False
Is 109428727 a prime number?
True
Is 4324899 prime?
False
Is 1524778 composite?
True
Is 3814509 prime?
False
Is 884229883 prime?
True
Is 1983913 prime?
True
Is 2688451 prime?
True
Is 1115386 prime?
False
Is 131553601 composite?
True
Is 71509819 a prime number?
False
Is 6597706 composite?
True
Is 29028113 a prime number?
True
Is 10299587 a prime number?
True
Is 2430347 prime?
False
Is 42291269 a prime number?
True
Is 1339121363 a composite number?
False
Is 38991881 a prime number?
True
Is 1296974573 a composite number?
False
Is 249217741 composite?
False
Is 15364439 composite?
False
Is 293003 prime?
False
Is 154313 prime?
True
Is 1768303 a composite number?
False
Is 60614447 a composite number?
False
Is 849619 composite?
True
Is 42410549 prime?
False
Is 235555 a prime number?
False
Is 25216159 prime?
True
Is 81537 a composite number?
True
Is 992211397 composite?
False
Is 44185573 composite?
True
Is 111253817 composite?
False
Is 257883243 composite?
True
Is 5871557 prime?
True
Is 640169191 a prime number?
False
Is 1388557 a composite number?
True
Is 6221219 composite?
True
Is 394472527 prime?
False
Is 734116637 composite?
False
Is 120306949 a prime number?
False
Is 105590179 composite?
True
Is 455869 prime?
False
Is 135242579 a prime number?
True
Is 86542091 a prime number?
False
Is 32211869 a prime number?
False
Is 2198153 composite?
False
Is 323138631 prime?
False
Is 30039829 prime?
False
Is 5094773 a composite number?
False
Is 3894763 prime?
True
Is 46435481 a composite number?
True
Is 1082429 prime?
True
Is 423780233 a prime number?
False
Is 82042079 composite?
True
Is 2987887 a prime number?
False
Is 4009249 composite?
False
Is 13808731 a composite number?
False
Is 152278111 a composite number?
False
Is 4381961 a prime number?
True
Is 23689373 composite?
False
Is 18442777 composite?
False
Is 672871 prime?
True
Is 13530017 a prime number?
True
Is 11010029 a composite number?
False
Is 48384977 a composite number?
False
Is 25886321 a prime number?
False
Is 23335753 a prime number?
False
Is 4838257 prime?
False
Is 5085305 composite?
True
Is 559739 a composite number?
False
Is 283077635 a composite number?
True
Is 30272969 composite?
True
Is 199921 a prime number?
True
Is 13150139 composite?
False
Is 79146161 composite?
True
Is 239446646 composite?
True
Is 16840997 a composite number?
True
Is 30842531 composite?
True
Is 43768673 a prime number?
False
Is 116690759 composite?
False
Is 11638097 a composite number?
False
Is 113860867 composite?
False
Is 5974789 composite?
False
Is 2176243 a prime number?
True
Is 128859667 prime?
True
Is 120672841 a composite number?
False
Is 92828233 a prime number?
True
Is 6936701 prime?
True
Is 469754249 prime?
True
Is 8216387 a composite number?
False
Is 90532801 composite?
True
Is 4717897 prime?
True
Is 24646513 a composite number?
False
Is 105036599 a prime number?
False
Is 89953219 composite?
False
Is 5383031 a composite number?
False
Is 312469247 prime?
True
Is 1718861 prime?
True
Is 39553759 a prime number?
False
Is 2503391 prime?
False
Is 216740969 a composite number?
False
Is 5543411 a composite number?
True
Is 97130819 a prime number?
True
Is 880293 a composite number?
True
Is 81090127 prime?
True
Is 489977 prime?
True
Is 6476707 a composite number?
True
Is 90001567 composite?
False
Is 8300261 a composite number?
False
Is 998537 a prime number?
True
Is 7612037 a composite number?
False
Is 167853646 a composite number?
True
Is 18008413 composite?
False
Is 2883451 a composite number?
True
Is 69911117 prime?
True
Is 484497379 a composite number?
True
Is 157801571 composite?
True
Is 2906207 a prime number?
True
Is 148422919 a prime number?
False
Is 604337 a composite number?
True
Is 5792117 a prime number?
True
Is 268349 a composite number?
True
Is 17239 prime?
True
Is 10847227 prime?
True
Is 843485 a prime number?
False
Is 4015117 composite?
False
Is 29939201 a composite number?
False
Is 2554529 a prime number?
True
Is 14017889 a composite number?
False
Is 799973 composite?
True
Is 33716497 prime?
True
Is 59624879 prime?
False
Is 5626391 composite?
False
Is 1820879 prime?
False
Is 46282631 prime?
True
Is 50881735 a prime number?
False
Is 9756949 a composite number?
False
Is 9382731 composite?
True
Is 34540747 prime?
False
Is 35316691 a composite number?
False
Is 65198467 a composite number?
True
Is 9864269 a prime number?
False
Is 40146607 a composite number?
True
Is 51877739 composite?
True
Is 115526093 a prime number?
True
Is 990703 a composite number?
True
Is 392032547 prime?
True
Is 7990907 a prime number?
True
Is 24844111 composite?
True
Is 60283393 a composite number?
True
Is 7113413 composite?
True
Is 2766109 a composite number?
False
Is 3263971 composite?
False
Is 44879935 a prime number?
False
Is 95227861 a prime number?
True
Is 1272133 a composite number?
False
Is 498889 prime?
False
Is 422020493 composite?
False
Is 57429649 a prime number?
True
Is 53727943 a composite number?
True
Is 134359301 a prime number?
False
Is 102938239 a composite number?
False
Is 241195837 a prime number?
True
Is 3925301 composite?
False
Is 6810043 a composite number?
False
Is 253987579 a composite number?
True
Is 25480293 a prime number?
False
Is 15968863 composite?
False
Is 254273261 a prime number?
False
Is 13686763 a composite number?
False
Is 30757 a prime number?
True
Is 2497003 a composite number?
False
Is 26478643 a prime number?
False
Is 6078847 a composite number?
True
Is 441521 prime?
False
Is 83122243 composite?
False
Is 402401 prime?
False
Is 23711027 a prime number?
False
Is 55247119 prime?
True
Is 4471 composite?
True
Is 35063207 composite?
True
Is 4282819 prime?
False
Is 7144793 a composite number?
False
Is 52560371 prime?
True
Is 1219399 a composite number?
False
Is 1471447 prime?
True
Is 2141033 composite?
False
Is 10395811 a composite number?
False
Is 841615031 a composite number?
False
Is 30258959 composite?
True
Is 4870015 composite?
True
Is 81407 prime?
False
Is 4812859 a composite number?
False
Is 89532049 a composite number?
False
Is 144305599 prime?
True
Is 113534059 a composite number?
True
Is 9909989 a composite number?
False
Is 2928379 prime?
False
Is 9262742 composite?
True
Is 18179419 a composite number?
True
Is 23205493 composite?
True
Is 2835587 a prime number?
True
Is 18125071 composite?
False
Is 3993377 composite?
False
Is 2549531 prime?
True
Is 556152851 a prime number?
True
Is 193817401 a prime number?
True
Is 431082349 a composite number?
True
Is 145313 a prime number?
False
Is 23447093 composite?
False
Is 65656909 composite?
False
Is 2980121 prime?
True
Is 32076721 a composite number?
False
Is 7479659 a prime n